{"id":100,"date":"2010-03-17T13:37:05","date_gmt":"2010-03-17T13:37:05","guid":{"rendered":"http:\/\/www.masterlevel.de\/blog\/?page_id=100"},"modified":"2012-07-10T09:20:11","modified_gmt":"2012-07-10T09:20:11","slug":"mlcms-content-management-system","status":"publish","type":"page","link":"https:\/\/www.masterlevel.de\/blog\/mlcms-content-management-system\/","title":{"rendered":"mlCMS-Content Management System"},"content":{"rendered":"<p>Wird seit 2001 von mir entwickelt und ist ein speziell auf Labels, Agenturen und Bands\u00a0zugeschnittenes CMS (Content Management System).<\/p>\n<p>Einige Features:<\/p>\n<p>&#8211; mehrsprachig (du kannst beliebig viele Sprachen definieren)<br \/>\n&#8211; du kannst <strong>jeden<\/strong> Bereich editieren (ohne Kenntnisse von HTML o.\u00e4. )<br \/>\n&#8211; du hast vollen Zugriff auf alle Meta-Daten<br \/>\n&#8211; SEO &#8211; optimierte URL-Erstellung<br \/>\n&#8211; die Seite ist voll durchsuchbar<br \/>\n&#8211; bequemer WYSIWYG-Editor<br \/>\n&#8211; einfache Trace-Funktionen um Werbaktionen zu &#8222;tracken&#8220;<br \/>\n&#8211; Anbindung zu Google-Analytics ist vorinstalliert<br \/>\n&#8211; einfache Modulverwaltung (du kannst also jederzeit neue Module aktivieren)<br \/>\n&#8211; verf\u00fcgbare Module:<\/p>\n<ul>\n<li><strong>NEU 2012:<\/strong> Community-Modul mit Blog-Funktionen, Private Messages und Galerie<\/li>\n<li>Artikelmodul (mit Facebook-Kommentar und I like &#8211; Button) z.B. f\u00fcr News o.\u00e4. (die Artikel k\u00f6nnen in beliebig viele &#8222;Unterartikel&#8220; gegliedert werden)<\/li>\n<li>Artists (f\u00fcr Labels, Agenturen, etc) komfortabel beliebig viele Artists verwalten<\/li>\n<li>Releases (f\u00fcr Labels, Agenturen o. Bands mit gro\u00dfem Backkatalog)<\/li>\n<li>ver. Templates zur schnellen Auswahl f. Frontend<\/li>\n<li>Diskografie<\/li>\n<li>Biografie<\/li>\n<li>Lyrics<\/li>\n<li>3 Download-Module<\/li>\n<li>Video<\/li>\n<li>Gallery<\/li>\n<li>Newsletter<\/li>\n<li>Termine<\/li>\n<li>G\u00e4stebuch (mit Spamschutz)<\/li>\n<li>Links<\/li>\n<\/ul>\n<p>&#8211; einfache Bannerveraltung<\/p>\n<p>u.v.m<\/p>\n","protected":false},"excerpt":{"rendered":"<p>Wird seit 2001 von mir entwickelt und ist ein speziell auf Labels, Agenturen und Bands\u00a0zugeschnittenes CMS (Content Management System). Einige Features: &#8211; mehrsprachig (du kannst beliebig viele Sprachen definieren) &#8211; du kannst jeden Bereich editieren (ohne Kenntnisse von HTML o.\u00e4. ) &#8211; du hast vollen Zugriff auf alle Meta-Daten &#8211; SEO &#8211; optimierte URL-Erstellung &#8211; &hellip;<\/p>\n<p class=\"read-more\"><a href=\"https:\/\/www.masterlevel.de\/blog\/mlcms-content-management-system\/\">Read more &raquo;<\/a><\/p>\n","protected":false},"author":1,"featured_media":0,"parent":0,"menu_order":3,"comment_status":"open","ping_status":"open","template":"","meta":{"footnotes":""},"class_list":["post-100","page","type-page","status-publish","hentry"],"yoast_head":"<!-- This site is optimized with the Yoast SEO plugin v27.4 - https:\/\/yoast.com\/product\/yoast-seo-wordpress\/ -->\n<title>mlCMS-Content Management System - masterlevel<\/title>\n<meta name=\"robots\" content=\"index, follow, max-snippet:-1, max-image-preview:large, max-video-preview:-1\" \/>\n<link rel=\"canonical\" href=\"https:\/\/www.masterlevel.de\/blog\/mlcms-content-management-system\/\" \/>\n<meta name=\"twitter:label1\" content=\"Gesch\u00e4tzte Lesezeit\" \/>\n\t<meta name=\"twitter:data1\" content=\"1\u00a0Minute\" \/>\n<script type=\"application\/ld+json\" class=\"yoast-schema-graph\">{\"@context\":\"https:\\\/\\\/schema.org\",\"@graph\":[{\"@type\":\"WebPage\",\"@id\":\"https:\\\/\\\/www.masterlevel.de\\\/blog\\\/mlcms-content-management-system\\\/\",\"url\":\"https:\\\/\\\/www.masterlevel.de\\\/blog\\\/mlcms-content-management-system\\\/\",\"name\":\"mlCMS-Content Management System - masterlevel\",\"isPartOf\":{\"@id\":\"https:\\\/\\\/www.masterlevel.de\\\/blog\\\/#website\"},\"datePublished\":\"2010-03-17T13:37:05+00:00\",\"dateModified\":\"2012-07-10T09:20:11+00:00\",\"inLanguage\":\"de\",\"potentialAction\":[{\"@type\":\"ReadAction\",\"target\":[\"https:\\\/\\\/www.masterlevel.de\\\/blog\\\/mlcms-content-management-system\\\/\"]}]},{\"@type\":\"WebSite\",\"@id\":\"https:\\\/\\\/www.masterlevel.de\\\/blog\\\/#website\",\"url\":\"https:\\\/\\\/www.masterlevel.de\\\/blog\\\/\",\"name\":\"masterlevel\",\"description\":\"Manche Sachen vergi\u00dft man, weil man sie nicht oft braucht - deshalb stehen sie hier...\",\"potentialAction\":[{\"@type\":\"SearchAction\",\"target\":{\"@type\":\"EntryPoint\",\"urlTemplate\":\"https:\\\/\\\/www.masterlevel.de\\\/blog\\\/?s={search_term_string}\"},\"query-input\":{\"@type\":\"PropertyValueSpecification\",\"valueRequired\":true,\"valueName\":\"search_term_string\"}}],\"inLanguage\":\"de\"}]}<\/script>\n<!-- \/ Yoast SEO plugin. -->","yoast_head_json":{"title":"mlCMS-Content Management System - masterlevel","robots":{"index":"index","follow":"follow","max-snippet":"max-snippet:-1","max-image-preview":"max-image-preview:large","max-video-preview":"max-video-preview:-1"},"canonical":"https:\/\/www.masterlevel.de\/blog\/mlcms-content-management-system\/","twitter_misc":{"Gesch\u00e4tzte Lesezeit":"1\u00a0Minute"},"schema":{"@context":"https:\/\/schema.org","@graph":[{"@type":"WebPage","@id":"https:\/\/www.masterlevel.de\/blog\/mlcms-content-management-system\/","url":"https:\/\/www.masterlevel.de\/blog\/mlcms-content-management-system\/","name":"mlCMS-Content Management System - masterlevel","isPartOf":{"@id":"https:\/\/www.masterlevel.de\/blog\/#website"},"datePublished":"2010-03-17T13:37:05+00:00","dateModified":"2012-07-10T09:20:11+00:00","inLanguage":"de","potentialAction":[{"@type":"ReadAction","target":["https:\/\/www.masterlevel.de\/blog\/mlcms-content-management-system\/"]}]},{"@type":"WebSite","@id":"https:\/\/www.masterlevel.de\/blog\/#website","url":"https:\/\/www.masterlevel.de\/blog\/","name":"masterlevel","description":"Manche Sachen vergi\u00dft man, weil man sie nicht oft braucht - deshalb stehen sie hier...","potentialAction":[{"@type":"SearchAction","target":{"@type":"EntryPoint","urlTemplate":"https:\/\/www.masterlevel.de\/blog\/?s={search_term_string}"},"query-input":{"@type":"PropertyValueSpecification","valueRequired":true,"valueName":"search_term_string"}}],"inLanguage":"de"}]}},"_links":{"self":[{"href":"https:\/\/www.masterlevel.de\/blog\/wp-json\/wp\/v2\/pages\/100","targetHints":{"allow":["GET"]}}],"collection":[{"href":"https:\/\/www.masterlevel.de\/blog\/wp-json\/wp\/v2\/pages"}],"about":[{"href":"https:\/\/www.masterlevel.de\/blog\/wp-json\/wp\/v2\/types\/page"}],"author":[{"embeddable":true,"href":"https:\/\/www.masterlevel.de\/blog\/wp-json\/wp\/v2\/users\/1"}],"replies":[{"embeddable":true,"href":"https:\/\/www.masterlevel.de\/blog\/wp-json\/wp\/v2\/comments?post=100"}],"version-history":[{"count":9,"href":"https:\/\/www.masterlevel.de\/blog\/wp-json\/wp\/v2\/pages\/100\/revisions"}],"predecessor-version":[{"id":173,"href":"https:\/\/www.masterlevel.de\/blog\/wp-json\/wp\/v2\/pages\/100\/revisions\/173"}],"wp:attachment":[{"href":"https:\/\/www.masterlevel.de\/blog\/wp-json\/wp\/v2\/media?parent=100"}],"curies":[{"name":"wp","href":"https:\/\/api.w.org\/{rel}","templated":true}]}}